ue
Is 23034295301 a prime number?
True
Is 13126259 a prime number?
True
Is 336979549067 a composite number?
True
Is 5167495609 a composite number?
True
Is 3112258529 prime?
True
Is 213586339 a prime number?
False
Is 113902883 a prime number?
False
Is 45782730223 prime?
True
Is 9802797853 prime?
False
Is 14381247083 composite?
True
Is 4788528893 prime?
False
Is 27714238043 a composite number?
True
Is 441045089 composite?
True
Is 145759057 prime?
True
Is 5710713941 a prime number?
True
Is 207032519 prime?
True
Is 1375447811 a composite number?
False
Is 2477640441 prime?
False
Is 7644757997 a prime number?
False
Is 12023386877 prime?
True
Is 5020037929 composite?
False
Is 72962414797 a composite number?
True
Is 1575836461 a composite number?
False
Is 50428559101 a prime number?
True
Is 607998493 a prime number?
True
Is 65054850479 prime?
False
Is 36351809797 a prime number?
False
Is 314449403 prime?
True
Is 22411224938 a prime number?
False
Is 7255962499 a prime number?
False
Is 25028158283 a prime number?
True
Is 1122570587 prime?
False
Is 33768591729 prime?
False
Is 14043554887 composite?
False
Is 3144155081 a prime number?
True
Is 43489961 composite?
True
Is 189769003 prime?
True
Is 4097912803 a prime number?
False
Is 11379062005 a composite number?
True
Is 1482744929 composite?
False
Is 7538401973 composite?
False
Is 6164135603 prime?
False
Is 8743402541 prime?
True
Is 1253445937 composite?
False
Is 7224855317 a prime number?
False
Is 4084038031 prime?
False
Is 22608817069 composite?
True
Is 1603117727 composite?
False
Is 113388231995 a composite number?
True
Is 101609476121 a prime number?
True
Is 878353481 prime?
True
Is 2085484237 prime?
False
Is 1631870519 a composite number?
True
Is 3651788057 a composite number?
True
Is 446999869 prime?
True
Is 379135387 a composite number?
False
Is 1981104353 a composite number?
True
Is 5089926539 a composite number?
False
Is 12661579477 composite?
False
Is 10449484681 composite?
True
Is 16520229263 prime?
True
Is 25884139 a prime number?
True
Is 58669733 a composite number?
True
Is 504118129 composite?
False
Is 20152053799 a prime number?
False
Is 23243134393 a composite number?
True
Is 5288652781 a prime number?
False
Is 33166985153 composite?
False
Is 1184904653 a prime number?
False
Is 19025457257 a prime number?
True
Is 9680729887 prime?
True
Is 627294599 composite?
True
Is 110580878423 prime?
True
Is 1991379851 a prime number?
True
Is 12591665633 a composite number?
False
Is 49145125019 prime?
False
Is 62913454099 a prime number?
True
Is 3680626093 a prime number?
False
Is 2843646119 prime?
False
Is 1019821321 prime?
True
Is 24365169833 composite?
True
Is 25244739761 composite?
False
Is 2969984359 prime?
True
Is 2812888987 prime?
True
Is 9722895449 composite?
False
Is 25074636941 prime?
False
Is 1033683969 composite?
True
Is 15726502453 a composite number?
True
Is 946962851 a prime number?
False
Is 71953647719 a prime number?
True
Is 2552273687 prime?
True
Is 1172331049 a composite number?
True
Is 3455022917 a composite number?
False
Is 512403317 a prime number?
False
Is 154396621 a prime number?
True
Is 46828937677 a composite number?
True
Is 19748351809 a prime number?
True
Is 3499533071 prime?
True
Is 1126866431 prime?
True
Is 10496470559 prime?
True
Is 591698203 a prime number?
True
Is 10042928411 a composite number?
False
Is 9828673247 a composite number?
False
Is 953726651 composite?
False
Is 12855481867 a composite number?
False
Is 1212003379 a prime number?
False
Is 138634783 a composite number?
True
Is 2970309389 prime?
False
Is 9376125623 composite?
False
Is 1877084467 a composite number?
True
Is 44167867451 prime?
False
Is 11187184891 prime?
False
Is 306290429 a prime number?
True
Is 1542589457 composite?
True
Is 23557550459 a prime number?
True
Is 20579665049 a composite number?
False
Is 121372582993 a composite number?
True
Is 1239376217 a composite number?
False
Is 525706409 a prime number?
True
Is 5205274433 a composite number?
True
Is 3636983569 composite?
False
Is 119148699281 prime?
True
Is 10475179471 a composite number?
True
Is 29368392197 a prime number?
True
Is 10347504029 prime?
False
Is 3328650671 a prime number?
True
Is 5393925197 a prime number?
False
Is 1049299961 prime?
True
Is 601889797 composite?
False
Is 2726914511 prime?
True
Is 135423243583 a prime number?
True
Is 747559403 a prime number?
False
Is 922976227 prime?
True
Is 162222941 a prime number?
True
Is 1547928623 a prime number?
True
Is 95851709 composite?
False
Is 8193161887 prime?
True
Is 2031853907 a prime number?
False
Is 595290697 a composite number?
False
Is 12941801561 composite?
True
Is 2439238521 composite?
True
Is 6586917007 composite?
True
Is 349058300413 composite?
False
Is 9448512709 a prime number?
True
Is 2337108377 prime?
True
Is 11539214569 prime?
True
Is 25461577613 a composite number?
False
Is 1824366161 composite?
False
Is 4289364743 composite?
False
Is 2689444721 a prime number?
True
Is 48082632707 a composite number?
False
Is 28068113849 prime?
True
Is 60227319167 a composite number?
True
Is 872291363 a composite number?
False
Is 584691839 a prime number?
True
Is 365309501 a composite number?
True
Is 103723483861 composite?
False
Is 2197911238 composite?
True
Is 7911893485 a prime number?
False
Is 6782704663 a composite number?
True
Is 310135444145 a composite number?
True
Is 245586163 a prime number?
False
Is 1048135103 prime?
True
Is 16303119241 a prime number?
False
Is 1106112967 a composite number?
True
Is 1164166223 a composite number?
True
Is 731824949 composite?
True
Is 45296610707 a prime number?
True
Is 13237856053 a prime number?
True
Is 3782901887 a prime number?
True
Is 1212662015 a prime number?
False
Is 19477782617 a composite number?
False
Is 11002670771 a prime number?
True
Is 15371103691 a composite number?
False
Is 212003647 a prime number?
False
Is 49545183133 prime?
False
Is 5874339343 a composite number?
False
Is 1594653157 composite?
True
Is 71641437539 prime?
False
Is 15526925729 prime?
False
Is 4073510861 a prime number?
False
Is 210920950337 prime?
False
Is 534478733 a composite number?
False
Is 174523315319 a composite number?
True
Is 3588836939 prime?
False
Is 21528853777 composite?
False
Is 170756459 a composite number?
False
Is 64266859063 a composite number?
True
Is 2353406581 a composite number?
False
Is 9419730767 a prime number?
False
Is 180886283 a composite number?
True
Is 45966103 composite?
True
Is 716285153 composite?
False
Is 291403001 a composite number?
True
Is 6015383761 composite?
False
Is 228422983 a composite number?
False
Is 357803405 prime?
False
Is 1737646433 a prime number?
False
Is 8279882599 a composite number?
True
Is 7215272479 a prime number?
False
Is 2613053137 a composite number?
False
Is 1890778231 prime?
False
Is 2048255269 a composite number?
True
Is 1102650523 a composite number?
True
Is 1109917931 a prime number?
True
Is 826089811 composite?
False
Is 37872745423 a prime number?
True
Is 8947828649 composite?
False
Is 2370238291 a composite number?
True
Is 283812541 prime?
True
Is 7820659991 a prime number?
False
Is 28454466127 composite?
False
Is 8274473063 composite?
False
Is 4009020571 prime?
True
Is 4320375989 a prime number?
True
Is 892468183 a prime number?
True
Is 206883283 a composite number?
False
Is 7918687079 composite?
False
Is 8603715083 composite?
False
Is 14998050037 prime?
True
Is 707818019 a prime number?
True
Is 3848244317 composite?
True
Is 2183503841 prime?
False
Is 3419319094 a prime number?
False
Is 998501891 a composite number?
True
Is 170035222307 composite?
True
Is 1441603409 composite?
False
Is 2160399317 a composite number?
False
Is 382178057 a composite number?
False
Is 200079767 a composite number?
False
Is 15655587569 a composite number?
True
Is 32738104999 a prime number?
False
Is 597974831 a prime number?
False
Is 1420818719 a prime number?
True
Is 3825841787 prime?
False
Is 2059555571 composite?
True
Is 1902833113 composite?
False
Is 1377666821 composite?
False
Is 2575737227 composite?
True
Is 10768701841 a composite number?
False
Is 11974337461 a prime number?
True
Is 117634605626 a composite number?
True
Is 10695260351 a prime number?
True
Is 9197988323 prime?
False
Is 5858627479 a composite